 = -s*w + 36, -3*w - w = 2*a. Let c(x) = x**2 + 7*x - 8. Calculate c(a).
-14
Let k(p) be the third derivative of -p**4/12 + 2*p**2. Let f = 290 - 293. Let m be 3*1/(f + 0 - -2). Determine k(m).
6
Let g be ((-4 + 4)/(-4))/(-2). Let j be (8/(-4) - -4) + g. Let b(k) = 2*k**2 + 0*k - 3*k**j + 2 - 2*k. Determine b(-4).
-6
Let a(s) = -10*s - 10. Suppose 0 = 145*n + 984 - 259. Calculate a(n).
40
Let l(t) = -21*t - 13. Suppose 425 = -89*v - 26*v + 30*v. Calculate l(v).
92
Let z(s) = 3*s**2 - 130*s + 23. Let v(i) = -i**2 + 44*i - 8. Let y(d) = -11*v(d) - 4*z(d). What is y(36)?
-4
Let z be (8 + -2)*(-77)/(-33). Suppose -5*r = -3*q - z, 0 = 4*r - 5*r - q + 6. Let s(y) = -14*y + r + 26*y - 16*y - y**2. Calculate s(-4).
4
Let w be 340/102*(18/5)/1. Suppose -w = -9*s + 6*s. Let k(d) = d**3 - 2*d**2 - 6*d + 4. Calculate k(s).
12
Let w be (27/4)/(-3)*-4. Let j(f) = 5*f + 103. Let r(d) = -11*d - 225. Let t(s) = -13*j(s) - 6*r(s). What is t(w)?
20
Let a(p) = -65*p + 656. Let i(h) = 2*h**2 - 148*h + 298. Let v be i(72). Determine a(v).
6
Let h(u) = 43*u + u - 12453 + 12416. Determine h(1).
7
Let i(n) = 12*n - 94. Let s be i(7). Let j(u) be the third derivative of -u**4/6 - 11*u**3/6 + 131*u**2. What is j(s)?
29
Let m(w) be the third derivative of -w**4/12 + 5*w**3/6 - 2414*w**2. Calculate m(2).
1
Let l(v) be the second derivative of -v**7/2520 + v**6/240 + v**5/20 + v**4/3 + 13*v**3/6 - v - 25. Let b(n) be the third derivative of l(n). Determine b(5).
-4
Let z be (-35)/5*30/7. Let v = z + 35. Let y be (-35)/(-50)*2*v. Let m(r) = r**2 - 5*r - 4. Determine m(y).
10
Let d be 2/3*27 + -1773 + 1744. Let z(j) be the first derivative of j**2/2 + 6*j + 1. Give z(d).
-5
Let m(u) = -2*u**3 - 3*u - 75*u**2 + u**3 + 40*u**2 + 31*u**2 + 1. Let r = -4 - 0. What is m(r)?
13
Let t(u) = -50*u**2 + 8*u. Let v(p) = 33*p**2 - 5*p. Let y(q) = 8*q**2. Let m be y(1). Let z(w) = m*v(w) + 5*t(w). Suppose 0 = 10*h - 46 + 56. Determine z(h).
14
Let q(t) = -19*t - 1. Let w(a) be the second derivative of -a**4/6 - 5*a**3/6 + 5*a**2/2 + 12*a. Let j be w(-3). Suppose -3 = z - v - 5, -j = 2*v. What is q(z)?
-20
Let s(c) = 3*c - 4*c**2 + 2*c**2 + 3*c**2 - 8 + 0*c**2. Suppose 2223*d - 35 = 2228*d. What is s(d)?
20
Let x(a) = a**2 + 7*a - 10. Let s(u) = 10*u - 320. Let t be s(31). Calculate x(t).
20
Let n(l) = -l**2 - 28*l - 28. Let g be n(-26). Let h be g/(-12 + 8) + 6. Let v(y) = -y**3. Give v(h).
0
Let z(y) = -265*y - 1051. Let l be z(-4). Let b(s) = -s**2 + 16*s - 70. What is b(l)?
-7
Suppose 99*g - 41*g - 14 = 44*g. Let s(q) be the second derivative of -10*q**3/3 + q**2/2 + q. Determine s(g).
-19
Let c(y) = y**2 - 36*y + 243. Let f be c(9). Let o(k) be the third derivative of f*k**4 - 1/2*k**3 - 11*k**2 + 1/20*k**5 - 1/120*k**6 + 0*k + 0. Calculate o(3).
-3
Let b(z) be the third derivative of -3*z + 0 + 13/60*z**5 - 19/6*z**3 - 26*z**2 + 5/8*z**4 - 1/120*z**6. Determine b(14).
-5
Let g(y) be the third derivative of y**5/60 + 5*y**4/24 - 4*y**3 - 849*y**2 - 2. What is g(-7)?
-10
Suppose -w + 1 = -4*h, 4*h - 4*w + 1 = -15. Let z(m) = 7*m - 123. Let t(a) = -44*a + 800. Let c(v) = 2*t(v) + 13*z(v). Determine c(h).
4
Let y be ((-54)/5 - 50/250)/((-3)/(-3)). Let z(n) = -2*n**2 - 22*n - 10. What is z(y)?
-10
Let h(c) = -47*c**2 + 47*c**2 - 12*c**3. Suppose -23 = -3*p - 4*v, -3*p - 7*v + 18 = -4*v. Give h(p).
-12
Let n(o) = 25*o**3 + 2*o**2 - 2*o + 1. Suppose 7685 = 27*x - 16966. Let m = x - 912. Calculate n(m).
26
Let g(c) = -c**2 - 4*c - 4. Let h be g(-4). Let s(a) = -323*a + 201. Let v(t) = 177*t - 110. Let d(w) = -6*s(w) - 11*v(w). Calculate d(h).
40
Let y(t) = 4*t**2 - 14 + 27*t + 30*t + 27*t - 88*t - 3*t**2 + 8. Let n(f) = 5*f**2 - f + 1. Let v be n(1). Determine y(v).
-1
Let m be 0/(-18 + 40 - 18). Let a(h) be the second derivative of h**4/12 - 5*h**2/2 + 2*h. What is a(m)?
-5
Let q(k) = -9276*k + 18607*k - 9355*k - 57 - k**2. Determine q(-19).
38
Let j(i) = -16*i - 92137*i**2 - 4 + 92134*i**2 - i - 1. What is j(-4)?
15
Let j(a) = 3*a**3 + a. Let x(t) = 2*t**2 + 20*t. Let o be x(-11). Let m = 24 - o. Let z = -3 + m. What is j(z)?
-4
Let m(v) = -v**3 - 28*v**2 - 25*v + 62. Let s(y) = -26*y**3 + 5*y**2 + 7*y - 13. Let x be s(1). What is m(x)?
8
Let b(v) be the second derivative of 2*v**3/3 - 7*v**2/2 - 1852*v. Give b(-5).
-27
Let d(w) be the third derivative of w**4/8 + 8*w**3/3 - 5565*w**2. What is d(-3)?
7
Let f(z) = 6*z**2 + 43*z - 69. Let y(t) = -20*t**2 - 130*t + 210. Let o(p) = -7*f(p) - 2*y(p). Give o(-22).
-3
Suppose -15*w + 14*w = -2*m + 313, 3*w + 468 = 3*m. Let h = -150 + m. Let r(f) = 2*f + 5. What is r(h)?
19
Let m(d) be the second derivative of 22*d + 21/2*d**2 - 1/12*d**4 + 1/3*d**3 + 0. Let v(s) be the first derivative of m(s). What is v(5)?
-8
Suppose -4*c + 2*c + 32 = 0. Let m be 5 - 1 - (6 + -17). Let h = c - m. Let b(s) = -4*s**3 - 2*s + 1. Calculate b(h).
-5
Let t(s) = s**2 - 8*s + 7. Let k = -95 + 50. Let j = 57 + k. Let i(z) = z**3 - 13*z**2 + 12*z + 7. Let n be i(j). Give t(n).
0
Let g(f) = 6*f**2 + 88*f - 33. Let s be g(-15). Let t(w) = 6*w + 8. Let q(z) = 5*z + 7. Let y(x) = -3*q(x) + 2*t(x). Give y(s).
4
Let o be (-12*5/(-40))/(3/38). Suppose 49 = o*b - 8. Let l(i) = -i**3 + 3*i**2 - 2*i. Determine l(b).
-6
Let p(k) = 100*k - 76*k - 27*k + 5. Let m(h) = -h**3 + 10*h**2 - 17*h + 4. Let x be m(8). Calculate p(x).
17
Let g be (-4)/(-6)*(27 - 24). Let x(f) = -2 - 3 + f + 4 + g. Determine x(-4).
-3
Let q be 8 + -19 - 31 - (-1 + -8). Let t(c) = -c**3 - 34*c**2 - 33*c + 1. Determine t(q).
1
Let j be -4 + 0 - -5 - 42/(-3). Suppose 0 = -j*z + 11 + 4. Let l(c) = -34*c - 1. Determine l(z).
-35
Let t(k) = -124 + 20*k**2 - 6*k - k**3 + 13*k - 12*k**2 + 119 + 2*k**3. Give t(-6).
25
Suppose -75*a + 692 = -73*a - p, 1716 = 5*a + p. Let l(r) = -2 - 337*r**3 - a*r**3 - 2*r**2 + 3*r + 684*r**3. Give l(2).
20
Let y(p) be the third derivative of -1/6*p**3 + 6 + 0*p - 1/3*p**4 - p**2. Give y(2).
-17
Let k be -6 - (3 + -6) - -130. Let l = 122 - k. Let i(r) = r**3 + 4*r**2 - 6*r + 1. Give i(l).
6
Suppose -12*p = -14*p + 14. Let r(s) = -66*s - 3. Let y(v) = -13*v - 1. Let h(q) = -r(q) + 5*y(q). Determine h(p).
5
Let o = 28803 + -28847. Let i(y) = y**3 + 44*y**2 - 6*y - 260. Give i(o).
4
Let y(w) = -3*w**3 + 3*w**2 + 4*w + 2. Suppose 10 = 5*j + 5*z, 8*z = 5*z. Let s(q) = -7*q**3 + 7*q**2 + 9*q + 3. Let t(k) = j*s(k) - 5*y(k). Determine t(4).
36
Let j be (-91)/(-21) - (-4)/6. Let n(r) = -7*r**3 - r**2 + 3*r + 2. Let x(h) = 19*h**3 + 4*h**2 - 8*h - 5. Let w(a) = 11*n(a) + 4*x(a). Determine w(j).
7
Let o(c) = 4158 + c - 9*c + 2*c - 4044. Calculate o(20).
-6
Suppose -60*f - 5 = -5*c - 55*f, -2*c + 2 = 5*f. Let b(n) = 35*n**2 - 3*n + 2. Determine b(c).
34
Let n be (4/(-12))/((-16)/(-192)). Let d(q) = q**3 + 9*q**2 + 17*q + 7. Calculate d(n).
19
Let x(q) = 10 - 14*q + 0*q + 15*q. Suppose 5*c - 63 + 3 = 0. Suppose f = 2*i + c, -5*i + 18 = -8*i + 2*f. Determine x(i).
4
Let v(o) = o**3 - 2*o**2 - 13*o - 7. Let r be (-14)/(-84) + 26/(-117)*(-174)/8. Determine v(r).
3
Let w(t) = -t**2 - 25*t - 15. Let r be 244/(-610) - (-144)/(-15). Determine w(r).
135
Let z(k) = k**3 + 19*k**2 - 22*k - 70. Suppose -8*o + 5*w - 180 = 0, 22*o + 4*w = 23*o + 36. Calculate z(o).
-30
Let b(j) be the first derivative of -j**2 + 11*j - 13. Let w be ((-1)/(-7) - (-3135)/(-385))/(-2). What is b(w)?
3
Let k(m) be the first derivative of -1/2*m**2 + 0*m + 1/3*m**3 - 59. What is k(0)?
0
Let w(p) = 0*p + p - 2*p + 319 + 306 - 633. What is w(-7)?
-1
Let v(c) = c. Let l(y) = 6*y + 6. Let q(d) = -l(d) + 3*v(d). Let g = -22 + 42. Suppose 4*w = -4*f - 36, f + g = -3*w + 3. Give q(f).
9
Let a(j) = -86*j + 3. Let u be (-6)/(-2) + (30 + 14)/(-11). Determine a(u).
89
Let y(t) = -283 - 72*t**2 + 4*t + 117*t**2 - 44*t**2. Calculate y(15).
2
Let f(g) = 2*g**3 + 4*g**2 + 6*g + 9. Suppose 4*h = x - 26, -h + 7 = 3*x + 20. Calculate f(x).
-3
Suppose 8 = -5*z - 3*y - 1, -z - y - 3 = 0. Let m(v) = v**2 - 2*v + 2. Let p be m(z). Let h(k) = -12 + 17 + k - p*k. Give h(0).
5
Let g(q) = -14*q + 6*q + 7*q - 100 + q**2 + 51 + 8. Determine g(-6).
1
Let w(z) be the second derivative of -5*z**3/6 - 5*z**2 + 174*z - 2. Give w(-7).
25
Let z(q) = -1243*q**2 - 6 - 3 + 6 - 10*q + 1244*q**2. Let a be ((-20)/6 - -3)*-27. Give z(a).
-12
Let g(y) = -8*y**2 + y + 1